the remainder when 144655 is divided by 479.
476
What is the remainder when 86804 is divided by 7890?
14
What is the remainder when 19803 is divided by 1517?
82
What is the remainder when 194767 is divided by 47734?
3831
What is the remainder when 347419 is divided by 196?
107
Calculate the remainder when 333076 is divided by 7.
2
What is the remainder when 951705 is divided by 7?
6
Calculate the remainder when 293536611 is divided by 1833.
1824
Calculate the remainder when 3370906 is divided by 1944.
10
Calculate the remainder when 791510 is divided by 142.
2
What is the remainder when 18528156 is divided by 1988?
1984
What is the remainder when 53329 is divided by 4787?
672
Calculate the remainder when 6624575 is divided by 1302.
1301
What is the remainder when 2844222939 is divided by 130?
129
What is the remainder when 4366694 is divided by 191?
52
Calculate the remainder when 25717937 is divided by 292249.
25
What is the remainder when 466718926 is divided by 452?
450
What is the remainder when 23536993 is divided by 71?
67
What is the remainder when 112219 is divided by 578?
87
What is the remainder when 13837 is divided by 1962?
103
Calculate the remainder when 476792 is divided by 158670.
782
What is the remainder when 2109681 is divided by 527411?
37
Calculate the remainder when 13199008 is divided by 249037.
47
What is the remainder when 121969 is divided by 60891?
187
Calculate the remainder when 19464 is divided by 6471.
51
What is the remainder when 1407805 is divided by 719?
3
What is the remainder when 712315 is divided by 9895?
9770
What is the remainder when 52332 is divided by 12572?
2044
What is the remainder when 267746 is divided by 2192?
322
Calculate the remainder when 2086034799 is divided by 16.
15
What is the remainder when 4237771 is divided by 3485?
11
What is the remainder when 10428114 is divided by 7?
4
Calculate the remainder when 125743 is divided by 31426.
39
Calculate the remainder when 3290268 is divided by 39.
33
What is the remainder when 216892 is divided by 2621?
1970
What is the remainder when 5436937 is divided by 970?
87
Calculate the remainder when 1730018 is divided by 370.
268
What is the remainder when 2965094 is divided by 5?
4
What is the remainder when 104543 is divided by 3693?
1139
What is the remainder when 4417304 is divided by 415?
44
What is the remainder when 74809861 is divided by 28434?
7
Calculate the remainder when 846366 is divided by 923.
898
What is the remainder when 7013 is divided by 989?
90
Calculate the remainder when 256537577 is divided by 3265.
3262
Calculate the remainder when 4293980 is divided by 57.
56
Calculate the remainder when 61830001 is divided by 71.
6
Calculate the remainder when 3767388 is divided by 69.
57
Calculate the remainder when 9481763 is divided by 1896337.
78
What is the remainder when 412205 is divided by 58877?
66
Calculate the remainder when 810393 is divided by 202597.
5
What is the remainder when 411493 is divided by 51433?
29
What is the remainder when 1311054 is divided by 1310983?
71
What is the remainder when 42332 is divided by 3554?
3238
What is the remainder when 2209211 is divided by 552023?
1119
What is the remainder when 86119 is divided by 42936?
247
Calculate the remainder when 305731 is divided by 1412.
739
What is the remainder when 588425 is divided by 115?
85
Calculate the remainder when 10173125 is divided by 5086456.
213
Calculate the remainder when 134319256 is divided by 226.
224
What is the remainder when 1134581 is divided by 1525?
1506
Calculate the remainder when 969976 is divided by 899.
854
Calculate the remainder when 743230 is divided by 1093.
1083
Calculate the remainder when 1365873 is divided by 717.
705
Calculate the remainder when 48303024 is divided by 16101007.
3
Calculate the remainder when 1168329 is divided by 1931.
74
What is the remainder when 107742441 is divided by 8287880?
1
What is the remainder when 5687407 is divided by 5687397?
10
Calculate the remainder when 402621623 is divided by 552.
551
What is the remainder when 956901 is divided by 5531?
38
Calculate the remainder when 17173374 is divided by 4293339.
18
Calculate the remainder when 755963 is divided by 275.
263
Calculate the remainder when 11047679 is divided by 640.
639
What is the remainder when 2534151 is divided by 253414?
11
Calculate the remainder when 1874054 is divided by 4627.
119
What is the remainder when 61008948 is divided by 92?
68
What is the remainder when 69657100 is divided by 274?
272
What is the remainder when 299338416 is divided by 62?
60
What is the remainder when 700315 is divided by 11479?
96
What is the remainder when 242851 is divided by 26058?
8329
Calculate the remainder when 835041 is divided by 49.
32
What is the remainder when 756424 is divided by 29059?
890
What is the remainder when 3233485 is divided by 454?
97
What is the remainder when 23829 is divided by 1337?
1100
Calculate the remainder when 34023667 is divided by 8505904.
51
What is the remainder when 1835655 is divided by 917595?
465
What is the remainder when 1981444 is divided by 4957?
3601
Calculate the remainder when 9405 is divided by 8904.
501
What is the remainder when 8478437 is divided by 1668?
1661
What is the remainder when 175576055 is divided by 6?
5
Calculate the remainder when 232385 is divided by 8606.
23
What is the remainder when 40842020 is divided by 17?
13
What is the remainder when 3977245 is divided by 994307?
17
Calculate the remainder when 117157 is divided by 650.
157
Calculate the remainder when 1123072 is divided by 187162.
100
Calculate the remainder when 24263 is divided by 230.
113
What is the remainder when 946705 is divided by 162?
139
Calculate the remainder when 6218669 is divided by 18453.
8
Calculate the remainder when 9390592 is divided by 163.
162
What is the remainder when 834617 is divided by 24?
17
What is the remainder when 138763397 is divided by 46254461?
14
Calculate the remainder when 636405 is divided by 433.
328
What is the remainder when 30101071 is divided by 464?
463
What is the remainder when 2488103 is divided by 226185?
68
What is the remainder when 101656 is divided by 1959?
1747
Calculate the remainder when 9886464 is divided by 1026.
954
What is the remainder when 157625001 is divided by 213584?
9
What is the remainder when 3792351 is divided by 2805?
2796
What is the remainder when 51941349 is divided by 8140?
9
What is the remainder when 4367123 is divided by 51?
44
What is the remainder when 16106902 is divided by 805342?
62
Calculate the remainder when 6986590 is divided by 36.
34
What is the remainder when 145558580 is divided by 48519513?
41
Calculate the remainder when 1313711 is divided by 181.
13
What is the remainder when 696159 is divided by 262?
25
Calculate the remainder when 1126709 is divided by 627.
617
Calculate the remainder when 196517 is divided by 24498.
533
Calculate the remainder when 419645 is divided by 139290.
1775
Calculate the remainder when 14867834 is divided by 2123972.
30
What is the remainder when 1594732 is divided by 531408?
508
Calculate the remainder when 283491 is divided by 46669.
3477
What is the remainder when 161820 is divided by 101?
18
What is the remainder when 6534006 is divided by 2177992?
30
Calculate the remainder when 90140736 is divided by 8266.
6
Calculate the remainder when 115563 is divided by 16423.
602
What is the remainder when 68786 is divided by 564?
542
What is the remainder when 145556 is divided by 1599?
47
Calculate the remainder when 1533053 is divided by 6.
5
What is the remainder when 9919 is divided by 8819?
1100
Calculate the remainder when 5865012 is divided by 1101.
1086
What is the remainder when 315602 is divided by 671?
232
Calculate the remainder when 38613 is divided by 3349.
1774
Calculate the remainder when 209522 is divided by 11638.
38
What is the remainder when 386396 is divided by 112?
108
What is the remainder when 427872268 is divided by 213?
211
Calculate the remainder when 151008580 is divided by 1437.
1435
What is the remainder when 512056 is divided by 1225?
6
What is the remainder when 1891154861 is divided by 2249?
2247
What is the remainder when 66181 is divided by 2544?
37
Calculate the remainder whe